Give q(8).
-5
Let h(y) = -4998*y + 359. What is h(0)?
359
Let s(h) = -25*h**2 - 23097*h + 72319. Give s(-927).
13
Let o(g) = 79*g - 5470. Calculate o(72).
218
Let k(m) = -3*m**3 - 360*m**2 + 361*m - 188. Determine k(-121).
54
Let f(q) = q**3 - 976*q**2 - 70975*q - 17755. Determine f(1044).
-7
Let r(k) = -k**2 + 647*k - 7019. What is r(11)?
-23
Let k(o) = 9403*o + 404335. Give k(-43).
6
Let d(f) = 5306*f - 344885. What is d(65)?
5
Let m(u) = 105*u**2 - 31818*u + 677. What is m(303)?
-232
Let i(h) = 25*h**2 - 221*h + 240. Give i(1).
44
Let k(t) = -52120*t - 208531. Give k(-4).
-51
Let q(u) = u**2 - 468*u + 54454. Determine q(253).
59
Let o(d) = -90*d**2 + 3665*d + 1019. What is o(41)?
-6
Let c(a) = -889*a + 12328. Determine c(14).
-118
Let j(c) = 655*c + 155727. What is j(-238)?
-163
Let m(x) = -x**3 + 914*x**2 - 39910*x - 818. Give m(46).
10
Let o(l) = l**2 + 1756*l + 444813. Determine o(-307).
-30
Let k(g) = 13*g**2 + 3619*g + 12124. Determine k(-275).
24
Let b(y) = 5217*y - 21593. Determine b(4).
-725
Let z(m) = 430*m + 25512. Calculate z(-59).
142
Let v(p) = 4*p**3 + 218*p**2 - 612*p - 38836. What is v(-54)?
44
Let o(d) = -2*d**2 + 210*d - 809. Give o(101).
-1
Let p(i) = 234*i + 14316. Calculate p(-62).
-192
Let y(i) = 63*i**2 + 176*i - 1264. Determine y(-6).
-52
Let k(m) = m**2 + 325*m + 10238. What is k(-38)?
-668
Let x(u) = -2*u**3 - 67*u**2 + 1562*u + 51029. Give x(-35).
34
Let p(d) = -4*d**2 - 1663*d + 463547. Give p(191).
-10
Let l(j) = 455*j - 29237. What is l(60)?
-1937
Let m(l) = 3290*l**2 + 82244*l - 154. Give m(-25).
-4
Let f(r) = 2*r**2 - 16534*r + 6173995. Determine f(392).
-5
Let s(k) = -k**3 + 8*k**2 - 267*k + 2269. Give s(9).
-215
Let q(t) = 944*t - 315674. Give q(334).
-378
Let x(j) = -3035*j + 1818003. What is x(599)?
38
Let u(a) = -8*a**3 + 471*a**2 - 856*a + 68. What is u(57)?
11
Let k(h) = -24*h**3 + 433*h**2 - 26*h + 168. Calculate k(18).
24
Let r(m) = -8273*m + 703202. Give r(85).
-3
Let r(u) = 701*u + 36651. Determine r(-52).
199
Let a(l) = -2263*l - 76073. Give a(-34).
869
Let a(y) = 3*y**3 + 467*y**2 + 3824*y + 329. What is a(-147)?
35
Let z(v) = 3*v**3 - 45*v**2 - 858*v + 10. Calculate z(-11).
10
Let r(l) = -24*l - 245. Determine r(-38).
667
Let o(s) = -2*s**3 + 45*s**2 + 194*s + 1. Calculate o(-5).
406
Let l(t) = -t**2 + 920*t - 239. What is l(0)?
-239
Let o(m) = 4*m**2 + 65*m + 70. What is o(-23)?
691
Let w(v) = v**3 - 38*v**2 + 10*v + 2213. Calculate w(9).
-46
Let x(o) = -6*o**3 + 1521*o**2 + 3808*o + 8168. What is x(256)?
-24
Let s(n) = -759*n + 225403. Calculate s(297).
-20
Let y(j) = -283*j**2 + 69613*j + 1260. Determine y(246).
30
Let c(f) = 581*f - 32535. Determine c(56).
1
Let n(r) = 19*r**2 - 42*r - 231. What is n(9)?
930
Let o(y) = -5681*y**2 - 475*y - 475. Calculate o(-1).
-5681
Let v(y) = -923*y**2 - 17586*y - 10. Determine v(-19).
921
Let g(c) = c**3 - 85*c**2 - 453*c - 126. What is g(90)?
-396
Let d(y) = 17*y**2 - 805*y + 7926. Determine d(14).
-12
Let z(g) = -2376*g - 26141. Calculate z(-11).
-5
Let h(x) = -x**3 + 14*x**2 - 5131*x + 20373. Give h(4).
9
Let f(g) = -30*g**2 - 240*g - 724. What is f(-3)?
-274
Let q(p) = 1803*p**2 + 151450*p - 195. Determine q(-84).
-27
Let k(b) = -2*b**2 - 358*b + 4897. Calculate k(13).
-95
Let w(c) = 25*c**3 - 3*c**2 - 2838*c + 5672. Calculate w(2).
184
Let v(d) = -125888*d - 2139949. Determine v(-17).
147
Let z(a) = -6*a**3 + 738*a**2 + 139*a - 17064. Calculate z(123).
33
Let w(h) = 2*h**3 - 40*h**2 - 850*h + 119. Give w(-13).
15
Let a(w) = 3*w**3 - 32*w**2 + 5*w - 166. Calculate a(11).
10
Let p(j) = -j**3 - 94*j**2 - 239*j + 1535. Determine p(-91).
-1559
Let j(z) = -z**3 - 10*z**2 - 201*z - 629. What is j(-4)?
79
Let n(l) = 5*l**3 - 906*l**2 + 591*l - 74190. What is n(181)?
20
Let t(k) = -3*k**3 - 230*k**2 - 1582*k + 339. Determine t(-69).
-6
Let t(q) = -302*q - 32448. Calculate t(-108).
168
Let x(s) = s**3 - 118*s**2 - 230*s - 1016. Determine x(120).
184
Let g(m) = -12*m**3 - 4013*m**2 - 1667*m + 980. Calculate g(-334).
-22
Let f(n) = -22404*n + 44791. Calculate f(2).
-17
Let q(i) = -5803*i + 2895596. Determine q(499).
-101
Let w(i) = 111*i + 10609. What is w(-94)?
175
Let a(d) = 3*d**3 - 18*d**2 - 64*d - 50. Calculate a(11).
1061
Let p(y) = -7963*y + 103345. What is p(13)?
-174
Let g(z) = 4*z**3 - 46*z**2 + 103*z + 163. Determine g(9).
280
Let o(c) = -451722*c + 1806879. Give o(4).
-9
Let p(m) = -5*m**2 - 1296*m - 48373. Calculate p(-214).
-9
Let f(j) = -j**3 + 64*j**2 + 107*j - 2731. Calculate f(65).
-1
Let d(f) = 26284*f + 683378. What is d(-26)?
-6
Let y(g) = -18265*g + 201006. Determine y(11).
91
Let l(r) = -21429*r - 192880. Give l(-9).
-19
Let s(y) = 12790*y - 396442. Calculate s(31).
48
Let h(u) = 9*u**2 + 12*u - 9012. Determine h(31).
9
Let n(f) = 128*f + 2614. Determine n(-22).
-202
Let t(b) = -9802*b + 196020. Give t(20).
-20
Let r(s) = -7231*s - 1330504. Give r(-184).
0
Let p(k) = k**3 - 8*k**2 + 85*k + 101. Give p(11).
1399
Let t(k) = 334*k - 33900. Calculate t(101).
-166
Let d(v) = -12776*v + 2338023. Give d(183).
15
Let m(d) = -65*d**2 - 610*d + 48416. Determine m(23).
1
Let u(s) = 3*s**3 + 133*s**2 + 1456*s + 2357. Calculate u(-28).
5
Let w(b) = -b**2 - 1002*b + 72901. Give w(68).
141
Let s(x) = -2*x**3 + 84*x**2 + 449*x + 351. Calculate s(47).
-636
Let m(j) = 356*j**2 - 376*j + 58. Give m(1).
38
Let i(t) = -4*t**2 + 57*t - 1498. Determine i(32).
-3770
Let u(r) = 3*r**2 - 490*r + 471. Calculate u(162).
-177
Let c(u) = 1903*u - 446912. Calculate c(235).
293
Let n(h) = 463*h - 29858. Give n(63).
-689
Let k(m) = -3*m**3 + 14*m**2 + 868*m + 52. Calculate k(-15).
307
Let y(x) = 449*x + 23327. What is y(-52)?
-21
Let i(l) = 46128*l + 691921. What is i(-15)?
1
Let f(g) = g**2 + 1114*g - 295045. Calculate f(221).
-10
Let b(c) = 154*c**2 + 662*c + 46. Determine b(-4).
-138
Let x(y) = y**3 - 38*y**2 + 29*y + 26. Determine x(6).
-952
Let m(y) = -5880*y - 111790. Give m(-19).
-70
Let m(t) = 54*t**2 + 13498*t + 79051. Give m(-6).
7
Let o(c) = -c**2 - 145*c + 780. Give o(-149).
184
Let d(i) = -i**3 - 8*i**2 - 729*i - 7474. What is d(-10)?
16
Let f(h) = -52748*h - 263743. Calculate f(-5).
-3
Let f(l) = -l**2 + 90*l - 214. Give f(99).
-1105
Let p(w) = -426*w - 44358. Give p(-103).
-480
Let z(k) = -10*k**3 - 313*k**2 - 97*k + 98. Determine z(-31).
222
Let j(k) = -5*k**3 + 160*k**2 - 291*k - 205. What is j(30)?
65
Let a(t) = 74*t**2 - 18210*t - 148849. Give a(254).
-5
Let g(w) = -4314*w - 77659. Calculate g(-18).
-7
Let s(l) = l**3 - 40*l**2 - 241*l + 14014. What is s(36)?
154
Let i(m) = -845*m**2 - 28727*m + 99. Determine i(-34).
-3
Let c(l) = -33*l**3 - 5*l**2 - 146*l + 317. What is c(2)?
-259
Let n(q) = -4895*q + 1081821. Determine n(221).
26
Let d(g) = -11*g**3 + 10*g**2 + 16*g - 23. Determine d(1).
-8
Let i(k) = k**2 - 55*k + 513. What is i(44)?
29
Let v(b) = 3*b**3 - 4*b**2 + 81*b - 458. Determine v(4).
-6
Let q(o) = -88*o - 2759. What is q(-10)?
-1879
Let c(k) = -2*k**3 + 12*k**2 + 8*k - 36. Calculate c(-2).
12
Let k(x) = -27*x**2 + 3185*x + 34549. Give k(-10).
-1
Let l(a) = -a**2 - 12466*a + 1142715. Calculate l(91).
28
Let b(y) = 2*y**3 + 77*y**2 - 520*y - 76. Give b(6).
8
Let a(f) = -132213*f + 661072. Give a(5).
7
Let j(x) = x**2 - 92*x - 11037. Determine j(-69).
72
Let p(v) = -8692*v - 104318. Determine p(-12).
-14
Let b(g) = -2*g**3 + 193*g**2 - 895*g + 116501. What is b(98)?
-21
Let f(s) = -5*s**2 + 551*s - 6432. Calculate f(12).
-540
Let m(d) = d**3 + 57*d**2 - 486*d + 1822. Calculate m(-65).
-388
Let a(n) = -n**2 - 1173*n - 54003. Calculate a(-48).
-3
Let j(a) = -391624*a + 35637799. Give j(91).
15
Let l(u) = -2*u**3 - 707*u**2 + 223*u - 46330. Determine l(-354).
44
Let l(t) = 3271*t + 157007. What is l(-48)?
-1
Let x(c) = 23*c**2 - 107*c - 434. Determine x(8).
182
Let y(v) = 56858*v + 1137171. Calculate y(-20).
11
Let p(z) = z**2 + 95701*z + 1339627. What is p(-14)?
9
Let h(x) = 2751*x + 396140. Determine h(-144).
-4
Let z(b) = -2046*b - 9257. Calculate z(-5).
973
Let m(h) = -849*h**2 - 2221*h - 2. What is m(-3)?
-980
Let h(n) = -14405*n + 144054. Calculate h(10).
4
Let n(f) = 8*f**2 - 1076*f + 4663. What is n(130)?
-17
Let p(x) = 7*x**2 - 207*x + 262. What is p(29)?
146
Let z(o) = 6190*o + 1757969. Give z(-284).
9
Let n(v) = -v**3 + 13*v**2 + 2